{"id":127,"date":"2025-04-28T09:52:45","date_gmt":"2025-04-28T09:52:45","guid":{"rendered":"https:\/\/hotel-augusta.ms2.decms.eu\/?page_id=127"},"modified":"2025-06-12T14:08:50","modified_gmt":"2025-06-12T14:08:50","slug":"habitacion-doble-con-balcon","status":"publish","type":"page","link":"https:\/\/www.hotel-augusta.de\/es\/habitaciones\/habitacion-doble-con-balcon\/","title":{"rendered":"Habitaci\u00f3n doble con balc\u00f3n"},"content":{"rendered":"<p>Nuestra habitaci\u00f3n doble con balc\u00f3n brinda un espacio privado en el coraz\u00f3n de Berl\u00edn, con un balc\u00f3n amueblado con vistas a Kurf\u00fcrstendamm y Fasanenstra\u00dfe. Esta habitaci\u00f3n, dise\u00f1ada para dos personas, invita a comenzar el d\u00eda con un caf\u00e9 o relajarse con una copa de vino bajo las luces de la ciudad.<\/p>\n","protected":false},"excerpt":{"rendered":"<p>Nuestra habitaci\u00f3n doble con balc\u00f3n brinda un espacio privado en el coraz\u00f3n de Berl\u00edn, con un balc\u00f3n amueblado con vistas a Kurf\u00fcrstendamm y Fasanenstra\u00dfe. Esta habitaci\u00f3n, dise\u00f1ada para dos personas, invita a comenzar el d\u00eda con un caf\u00e9 o relajarse con una copa de vino bajo las luces de la ciudad.<\/p>\n","protected":false},"author":26,"featured_media":0,"parent":122,"menu_order":40,"comment_status":"closed","ping_status":"closed","template":"template-single-room.php","meta":{"footnotes":""},"class_list":["post-127","page","type-page","status-publish","hentry"],"yoast_head":"<!-- This site is optimized with the Yoast SEO plugin v27.3 - https:\/\/yoast.com\/product\/yoast-seo-wordpress\/ -->\n<title>Habitaci\u00f3n doble con balc\u00f3n en Berl\u00edn | Hotel Augusta<\/title>\n<meta name=\"description\" content=\"Disfrute del aire fresco y las vistas de Berl\u00edn en nuestra habitaci\u00f3n doble con balc\u00f3n. Es el alojamiento c\u00f3modo y elegante ideal para parejas o amigos.\" \/>\n<meta name=\"robots\" content=\"index, follow, max-snippet:-1, max-image-preview:large, max-video-preview:-1\" \/>\n<link rel=\"canonical\" href=\"https:\/\/www.hotel-augusta.de\/es\/habitaciones\/habitacion-doble-con-balcon\/\" \/>\n<meta property=\"og:locale\" content=\"es_ES\" \/>\n<meta property=\"og:type\" content=\"article\" \/>\n<meta property=\"og:title\" content=\"Habitaci\u00f3n doble con balc\u00f3n en Berl\u00edn | Hotel Augusta\" \/>\n<meta property=\"og:description\" content=\"Disfrute del aire fresco y las vistas de Berl\u00edn en nuestra habitaci\u00f3n doble con balc\u00f3n. Es el alojamiento c\u00f3modo y elegante ideal para parejas o amigos.\" \/>\n<meta property=\"og:url\" content=\"https:\/\/www.hotel-augusta.de\/es\/habitaciones\/habitacion-doble-con-balcon\/\" \/>\n<meta property=\"og:site_name\" content=\"Hotel Augusta\" \/>\n<meta property=\"article:modified_time\" content=\"2025-06-12T14:08:50+00:00\" \/>\n<meta name=\"twitter:card\" content=\"summary_large_image\" \/>\n<meta name=\"twitter:label1\" content=\"Tiempo de lectura\" \/>\n\t<meta name=\"twitter:data1\" content=\"1 minuto\" \/>\n<script type=\"application\/ld+json\" class=\"yoast-schema-graph\">{\"@context\":\"https:\\\/\\\/schema.org\",\"@graph\":[{\"@type\":\"WebPage\",\"@id\":\"https:\\\/\\\/www.hotel-augusta.de\\\/es\\\/habitaciones\\\/habitacion-doble-con-balcon\\\/\",\"url\":\"https:\\\/\\\/www.hotel-augusta.de\\\/es\\\/habitaciones\\\/habitacion-doble-con-balcon\\\/\",\"name\":\"Habitaci\u00f3n doble con balc\u00f3n en Berl\u00edn | Hotel Augusta\",\"isPartOf\":{\"@id\":\"https:\\\/\\\/www.hotel-augusta.de\\\/es\\\/#website\"},\"datePublished\":\"2025-04-28T09:52:45+00:00\",\"dateModified\":\"2025-06-12T14:08:50+00:00\",\"description\":\"Disfrute del aire fresco y las vistas de Berl\u00edn en nuestra habitaci\u00f3n doble con balc\u00f3n. Es el alojamiento c\u00f3modo y elegante ideal para parejas o amigos.\",\"breadcrumb\":{\"@id\":\"https:\\\/\\\/www.hotel-augusta.de\\\/es\\\/habitaciones\\\/habitacion-doble-con-balcon\\\/#breadcrumb\"},\"inLanguage\":\"es\",\"potentialAction\":[{\"@type\":\"ReadAction\",\"target\":[\"https:\\\/\\\/www.hotel-augusta.de\\\/es\\\/habitaciones\\\/habitacion-doble-con-balcon\\\/\"]}]},{\"@type\":\"BreadcrumbList\",\"@id\":\"https:\\\/\\\/www.hotel-augusta.de\\\/es\\\/habitaciones\\\/habitacion-doble-con-balcon\\\/#breadcrumb\",\"itemListElement\":[{\"@type\":\"ListItem\",\"position\":1,\"name\":\"Home\",\"item\":\"https:\\\/\\\/www.hotel-augusta.de\\\/es\\\/\"},{\"@type\":\"ListItem\",\"position\":2,\"name\":\"Habitaciones\",\"item\":\"https:\\\/\\\/www.hotel-augusta.de\\\/es\\\/zimmer\\\/\"},{\"@type\":\"ListItem\",\"position\":3,\"name\":\"Habitaci\u00f3n doble con balc\u00f3n\"}]},{\"@type\":\"WebSite\",\"@id\":\"https:\\\/\\\/www.hotel-augusta.de\\\/es\\\/#website\",\"url\":\"https:\\\/\\\/www.hotel-augusta.de\\\/es\\\/\",\"name\":\"Hotel Augusta\",\"description\":\"\",\"publisher\":{\"@id\":\"https:\\\/\\\/www.hotel-augusta.de\\\/es\\\/#organization\"},\"potentialAction\":[{\"@type\":\"SearchAction\",\"target\":{\"@type\":\"EntryPoint\",\"urlTemplate\":\"https:\\\/\\\/www.hotel-augusta.de\\\/es\\\/?s={search_term_string}\"},\"query-input\":{\"@type\":\"PropertyValueSpecification\",\"valueRequired\":true,\"valueName\":\"search_term_string\"}}],\"inLanguage\":\"es\"},{\"@type\":\"Organization\",\"@id\":\"https:\\\/\\\/www.hotel-augusta.de\\\/es\\\/#organization\",\"name\":\"Hotel Augusta\",\"url\":\"https:\\\/\\\/www.hotel-augusta.de\\\/es\\\/\",\"logo\":{\"@type\":\"ImageObject\",\"inLanguage\":\"es\",\"@id\":\"https:\\\/\\\/www.hotel-augusta.de\\\/es\\\/#\\\/schema\\\/logo\\\/image\\\/\",\"url\":\"https:\\\/\\\/hotel-augusta.ms2.decms.eu\\\/wp-content\\\/uploads\\\/sites\\\/245\\\/2025\\\/04\\\/hotel-augusta-logo-g.svg\",\"contentUrl\":\"https:\\\/\\\/hotel-augusta.ms2.decms.eu\\\/wp-content\\\/uploads\\\/sites\\\/245\\\/2025\\\/04\\\/hotel-augusta-logo-g.svg\",\"width\":314,\"height\":125,\"caption\":\"Hotel Augusta\"},\"image\":{\"@id\":\"https:\\\/\\\/www.hotel-augusta.de\\\/es\\\/#\\\/schema\\\/logo\\\/image\\\/\"}}]}<\/script>\n<!-- \/ Yoast SEO plugin. -->","yoast_head_json":{"title":"Habitaci\u00f3n doble con balc\u00f3n en Berl\u00edn | Hotel Augusta","description":"Disfrute del aire fresco y las vistas de Berl\u00edn en nuestra habitaci\u00f3n doble con balc\u00f3n. Es el alojamiento c\u00f3modo y elegante ideal para parejas o amigos.","robots":{"index":"index","follow":"follow","max-snippet":"max-snippet:-1","max-image-preview":"max-image-preview:large","max-video-preview":"max-video-preview:-1"},"canonical":"https:\/\/www.hotel-augusta.de\/es\/habitaciones\/habitacion-doble-con-balcon\/","og_locale":"es_ES","og_type":"article","og_title":"Habitaci\u00f3n doble con balc\u00f3n en Berl\u00edn | Hotel Augusta","og_description":"Disfrute del aire fresco y las vistas de Berl\u00edn en nuestra habitaci\u00f3n doble con balc\u00f3n. Es el alojamiento c\u00f3modo y elegante ideal para parejas o amigos.","og_url":"https:\/\/www.hotel-augusta.de\/es\/habitaciones\/habitacion-doble-con-balcon\/","og_site_name":"Hotel Augusta","article_modified_time":"2025-06-12T14:08:50+00:00","twitter_card":"summary_large_image","twitter_misc":{"Tiempo de lectura":"1 minuto"},"schema":{"@context":"https:\/\/schema.org","@graph":[{"@type":"WebPage","@id":"https:\/\/www.hotel-augusta.de\/es\/habitaciones\/habitacion-doble-con-balcon\/","url":"https:\/\/www.hotel-augusta.de\/es\/habitaciones\/habitacion-doble-con-balcon\/","name":"Habitaci\u00f3n doble con balc\u00f3n en Berl\u00edn | Hotel Augusta","isPartOf":{"@id":"https:\/\/www.hotel-augusta.de\/es\/#website"},"datePublished":"2025-04-28T09:52:45+00:00","dateModified":"2025-06-12T14:08:50+00:00","description":"Disfrute del aire fresco y las vistas de Berl\u00edn en nuestra habitaci\u00f3n doble con balc\u00f3n. Es el alojamiento c\u00f3modo y elegante ideal para parejas o amigos.","breadcrumb":{"@id":"https:\/\/www.hotel-augusta.de\/es\/habitaciones\/habitacion-doble-con-balcon\/#breadcrumb"},"inLanguage":"es","potentialAction":[{"@type":"ReadAction","target":["https:\/\/www.hotel-augusta.de\/es\/habitaciones\/habitacion-doble-con-balcon\/"]}]},{"@type":"BreadcrumbList","@id":"https:\/\/www.hotel-augusta.de\/es\/habitaciones\/habitacion-doble-con-balcon\/#breadcrumb","itemListElement":[{"@type":"ListItem","position":1,"name":"Home","item":"https:\/\/www.hotel-augusta.de\/es\/"},{"@type":"ListItem","position":2,"name":"Habitaciones","item":"https:\/\/www.hotel-augusta.de\/es\/zimmer\/"},{"@type":"ListItem","position":3,"name":"Habitaci\u00f3n doble con balc\u00f3n"}]},{"@type":"WebSite","@id":"https:\/\/www.hotel-augusta.de\/es\/#website","url":"https:\/\/www.hotel-augusta.de\/es\/","name":"Hotel Augusta","description":"","publisher":{"@id":"https:\/\/www.hotel-augusta.de\/es\/#organization"},"potentialAction":[{"@type":"SearchAction","target":{"@type":"EntryPoint","urlTemplate":"https:\/\/www.hotel-augusta.de\/es\/?s={search_term_string}"},"query-input":{"@type":"PropertyValueSpecification","valueRequired":true,"valueName":"search_term_string"}}],"inLanguage":"es"},{"@type":"Organization","@id":"https:\/\/www.hotel-augusta.de\/es\/#organization","name":"Hotel Augusta","url":"https:\/\/www.hotel-augusta.de\/es\/","logo":{"@type":"ImageObject","inLanguage":"es","@id":"https:\/\/www.hotel-augusta.de\/es\/#\/schema\/logo\/image\/","url":"https:\/\/hotel-augusta.ms2.decms.eu\/wp-content\/uploads\/sites\/245\/2025\/04\/hotel-augusta-logo-g.svg","contentUrl":"https:\/\/hotel-augusta.ms2.decms.eu\/wp-content\/uploads\/sites\/245\/2025\/04\/hotel-augusta-logo-g.svg","width":314,"height":125,"caption":"Hotel Augusta"},"image":{"@id":"https:\/\/www.hotel-augusta.de\/es\/#\/schema\/logo\/image\/"}}]}},"acf":[],"_links":{"self":[{"href":"https:\/\/www.hotel-augusta.de\/es\/wp-json\/wp\/v2\/pages\/127","targetHints":{"allow":["GET"]}}],"collection":[{"href":"https:\/\/www.hotel-augusta.de\/es\/wp-json\/wp\/v2\/pages"}],"about":[{"href":"https:\/\/www.hotel-augusta.de\/es\/wp-json\/wp\/v2\/types\/page"}],"author":[{"embeddable":true,"href":"https:\/\/www.hotel-augusta.de\/es\/wp-json\/wp\/v2\/users\/26"}],"replies":[{"embeddable":true,"href":"https:\/\/www.hotel-augusta.de\/es\/wp-json\/wp\/v2\/comments?post=127"}],"version-history":[{"count":0,"href":"https:\/\/www.hotel-augusta.de\/es\/wp-json\/wp\/v2\/pages\/127\/revisions"}],"up":[{"embeddable":true,"href":"https:\/\/www.hotel-augusta.de\/es\/wp-json\/wp\/v2\/pages\/122"}],"wp:attachment":[{"href":"https:\/\/www.hotel-augusta.de\/es\/wp-json\/wp\/v2\/media?parent=127"}],"curies":[{"name":"wp","href":"https:\/\/api.w.org\/{rel}","templated":true}]}}

Habitación doble con balcón

<p>Nuestra habitación doble con balcón brinda un espacio privado en el corazón de Berlín, con un balcón amueblado con vistas a Kurfürstendamm y Fasanenstraße. Esta habitación, diseñada para dos personas, invita a comenzar el día con un café o relajarse con una copa de vino bajo las luces de la ciudad.</p>

<!-- This site is optimized with the Yoast SEO plugin v27.3 - https://yoast.com/product/yoast-seo-wordpress/ -->
<title>Habitación doble con balcón en Berlín | Hotel Augusta</title>
<meta name="description" content="Disfrute del aire fresco y las vistas de Berlín en nuestra habitación doble con balcón. Es el alojamiento cómodo y elegante ideal para parejas o amigos." />
<meta name="robots" content="index, follow, max-snippet:-1, max-image-preview:large, max-video-preview:-1" />
<link rel="canonical" href="https://www.hotel-augusta.de/es/habitaciones/habitacion-doble-con-balcon/" />
<meta property="og:locale" content="es_ES" />
<meta property="og:type" content="article" />
<meta property="og:title" content="Habitación doble con balcón en Berlín | Hotel Augusta" />
<meta property="og:description" content="Disfrute del aire fresco y las vistas de Berlín en nuestra habitación doble con balcón. Es el alojamiento cómodo y elegante ideal para parejas o amigos." />
<meta property="og:url" content="https://www.hotel-augusta.de/es/habitaciones/habitacion-doble-con-balcon/" />
<meta property="og:site_name" content="Hotel Augusta" />
<meta property="article:modified_time" content="2025-06-12T14:08:50+00:00" />
<meta name="twitter:card" content="summary_large_image" />
<meta name="twitter:label1" content="Tiempo de lectura" />
	<meta name="twitter:data1" content="1 minuto" />
<script type="application/ld+json" class="yoast-schema-graph">{"@context":"https:\/\/schema.org","@graph":[{"@type":"WebPage","@id":"https:\/\/www.hotel-augusta.de\/es\/habitaciones\/habitacion-doble-con-balcon\/","url":"https:\/\/www.hotel-augusta.de\/es\/habitaciones\/habitacion-doble-con-balcon\/","name":"Habitación doble con balcón en Berlín | Hotel Augusta","isPartOf":{"@id":"https:\/\/www.hotel-augusta.de\/es\/#website"},"datePublished":"2025-04-28T09:52:45+00:00","dateModified":"2025-06-12T14:08:50+00:00","description":"Disfrute del aire fresco y las vistas de Berlín en nuestra habitación doble con balcón. Es el alojamiento cómodo y elegante ideal para parejas o amigos.","breadcrumb":{"@id":"https:\/\/www.hotel-augusta.de\/es\/habitaciones\/habitacion-doble-con-balcon\/#breadcrumb"},"inLanguage":"es","potentialAction":[{"@type":"ReadAction","target":["https:\/\/www.hotel-augusta.de\/es\/habitaciones\/habitacion-doble-con-balcon\/"]}]},{"@type":"BreadcrumbList","@id":"https:\/\/www.hotel-augusta.de\/es\/habitaciones\/habitacion-doble-con-balcon\/#breadcrumb","itemListElement":[{"@type":"ListItem","position":1,"name":"Home","item":"https:\/\/www.hotel-augusta.de\/es\/"},{"@type":"ListItem","position":2,"name":"Habitaciones","item":"https:\/\/www.hotel-augusta.de\/es\/zimmer\/"},{"@type":"ListItem","position":3,"name":"Habitación doble con balcón"}]},{"@type":"WebSite","@id":"https:\/\/www.hotel-augusta.de\/es\/#website","url":"https:\/\/www.hotel-augusta.de\/es\/","name":"Hotel Augusta","description":"","publisher":{"@id":"https:\/\/www.hotel-augusta.de\/es\/#organization"},"potentialAction":[{"@type":"SearchAction","target":{"@type":"EntryPoint","urlTemplate":"https:\/\/www.hotel-augusta.de\/es\/?s={search_term_string}"},"query-input":{"@type":"PropertyValueSpecification","valueRequired":true,"valueName":"search_term_string"}}],"inLanguage":"es"},{"@type":"Organization","@id":"https:\/\/www.hotel-augusta.de\/es\/#organization","name":"Hotel Augusta","url":"https:\/\/www.hotel-augusta.de\/es\/","logo":{"@type":"ImageObject","inLanguage":"es","@id":"https:\/\/www.hotel-augusta.de\/es\/#\/schema\/logo\/image\/","url":"https:\/\/hotel-augusta.ms2.decms.eu\/wp-content\/uploads\/sites\/245\/2025\/04\/hotel-augusta-logo-g.svg","contentUrl":"https:\/\/hotel-augusta.ms2.decms.eu\/wp-content\/uploads\/sites\/245\/2025\/04\/hotel-augusta-logo-g.svg","width":314,"height":125,"caption":"Hotel Augusta"},"image":{"@id":"https:\/\/www.hotel-augusta.de\/es\/#\/schema\/logo\/image\/"}}]}</script>
<!-- / Yoast SEO plugin. -->

Habitación doble con balcón en Berlín | Hotel Augusta

Disfrute del aire fresco y las vistas de Berlín en nuestra habitación doble con balcón. Es el alojamiento cómodo y elegante ideal para parejas o amigos.
